se
Is 111444482033 prime?
False
Is 10089475243 prime?
True
Is 359001233 prime?
False
Is 38593040747 composite?
False
Is 2378929477 a prime number?
False
Is 3178033673 composite?
False
Is 4330916081 composite?
True
Is 263989853 composite?
True
Is 21038809357 a composite number?
True
Is 37137215 a prime number?
False
Is 199187489 prime?
True
Is 1990473523 prime?
True
Is 14984150809 a composite number?
False
Is 4147706119 composite?
True
Is 31225450423 composite?
True
Is 18997599347 composite?
True
Is 13171972337 a prime number?
True
Is 12462779429 a prime number?
True
Is 14551296769 a composite number?
False
Is 1984057961 a prime number?
True
Is 1080476791 a prime number?
True
Is 59728223 a prime number?
True
Is 43990275349 a prime number?
True
Is 1384765637 a composite number?
True
Is 703729487 composite?
False
Is 751508267 a prime number?
True
Is 373225009 prime?
False
Is 49740041 a composite number?
True
Is 1646958779 a composite number?
True
Is 3471147121 a prime number?
False
Is 633645011 a composite number?
False
Is 30673931617 prime?
False
Is 35916760643 a composite number?
False
Is 4583597663 prime?
True
Is 8340926917 a composite number?
False
Is 673389403 a prime number?
False
Is 20276879053 composite?
True
Is 18047383 a composite number?
False
Is 49575917737 a prime number?
True
Is 8546780201 prime?
True
Is 77010280007 prime?
False
Is 1354575119 prime?
False
Is 23317891 prime?
False
Is 281290135405 composite?
True
Is 264030590581 prime?
True
Is 929980203 prime?
False
Is 1835551747 composite?
False
Is 424143211 a composite number?
False
Is 19589963473 a composite number?
False
Is 3555247093 a composite number?
True
Is 9209820313 prime?
True
Is 399295885591 composite?
False
Is 27485781107 a composite number?
False
Is 4550632327 a composite number?
False
Is 6061409183 composite?
True
Is 33272760727 composite?
True
Is 902510797 composite?
True
Is 504488251 composite?
False
Is 9986039983 composite?
True
Is 1376126987 a prime number?
False
Is 225509021 prime?
True
Is 4317216313 prime?
False
Is 55912005971 a composite number?
False
Is 1410547639 a prime number?
True
Is 85590502 prime?
False
Is 381533953 a prime number?
False
Is 769989113 prime?
True
Is 38797359 composite?
True
Is 330403817 a composite number?
True
Is 766653517 a composite number?
True
Is 1423369511 a composite number?
False
Is 3378770827 a prime number?
False
Is 18421523171 composite?
False
Is 108293714635 prime?
False
Is 2989844519 composite?
True
Is 357101315 prime?
False
Is 274915699 a prime number?
True
Is 7819207369 a prime number?
True
Is 303278721 composite?
True
Is 9758144861 prime?
False
Is 13140223405 a prime number?
False
Is 16098372347 a composite number?
True
Is 60444737 a composite number?
False
Is 1128262043 a composite number?
True
Is 13935105103 a prime number?
True
Is 16221991193 a prime number?
True
Is 11822059001 composite?
True
Is 1311810569 a prime number?
True
Is 23298984053 prime?
True
Is 204575695 a composite number?
True
Is 5702295743 a prime number?
True
Is 1585922791 composite?
False
Is 13957871197 prime?
False
Is 3104760943 composite?
False
Is 26830821 composite?
True
Is 18770215303 prime?
False
Is 608397047 a composite number?
False
Is 2915500249 a composite number?
True
Is 1129142807 a composite number?
True
Is 389990171 a composite number?
True
Is 43629270683 a composite number?
False
Is 513704773 composite?
False
Is 36813247 a prime number?
True
Is 7927724621 prime?
True
Is 3785734873 a composite number?
True
Is 242906709 a prime number?
False
Is 14377256237 prime?
True
Is 52610049781 a composite number?
True
Is 1015650869 a prime number?
False
Is 50518973909 a prime number?
True
Is 447132841 a composite number?
False
Is 63341163869 prime?
True
Is 3841312009 prime?
True
Is 28974812701 a composite number?
False
Is 1705378739 composite?
False
Is 28176477839 a composite number?
True
Is 6434953901 a prime number?
False
Is 4203573931 composite?
False
Is 16084393843 prime?
False
Is 879444281 prime?
False
Is 45048781061 prime?
True
Is 271835833 a composite number?
True
Is 1068925859 prime?
True
Is 40757554997 composite?
False
Is 959966377 composite?
False
Is 45826995471 a composite number?
True
Is 4403914189 prime?
True
Is 475579397 prime?
False
Is 43795267 composite?
True
Is 71470483249 prime?
False
Is 59825308009 composite?
False
Is 373287161 prime?
False
Is 5802355393 prime?
True
Is 7589332411 a composite number?
False
Is 44194163401 composite?
True
Is 22697862907 prime?
True
Is 16151183747 a composite number?
False
Is 5515966763 a composite number?
False
Is 3219532517 a composite number?
True
Is 8892651899 a prime number?
True
Is 1001224823 a composite number?
False
Is 1713619087 a prime number?
True
Is 32815944547 composite?
True
Is 1350629169 a composite number?
True
Is 9980156959 prime?
True
Is 150436001 composite?
True
Is 1039255099 a prime number?
False
Is 5516339611 a prime number?
False
Is 31236607 a composite number?
False
Is 9439402969 composite?
False
Is 17194243085 prime?
False
Is 30061428991 composite?
True
Is 549875399 a composite number?
False
Is 954756989 prime?
True
Is 784148267 a composite number?
True
Is 14307688145 a prime number?
False
Is 4954841 prime?
True
Is 4846936301 a prime number?
True
Is 4004962847 a prime number?
True
Is 117200098253 composite?
True
Is 11208637813 prime?
True
Is 1442106539 a composite number?
False
Is 334626013 a prime number?
True
Is 2246514565 a prime number?
False
Is 8163380373 a composite number?
True
Is 639203459 a composite number?
False
Is 379833611 prime?
True
Is 2010897446 composite?
True
Is 2239357009 composite?
False
Is 51735500873 composite?
True
Is 4036674061 prime?
False
Is 660474823 prime?
True
Is 326173493 prime?
True
Is 25479909643 a composite number?
False
Is 109619195339 a composite number?
False
Is 5340583459 prime?
False
Is 11411009833 composite?
True
Is 10081119209 a composite number?
True
Is 2797801658 a composite number?
True
Is 3208401869 a prime number?
False
Is 498596627 prime?
False
Is 70527757211 prime?
True
Is 2121095983 prime?
False
Is 501019373 a prime number?
False
Is 141444605 prime?
False
Is 11916903827 prime?
False
Is 13701120863 composite?
True
Is 651256619 a prime number?
False
Is 1184184143 a composite number?
False
Is 1009187819 a prime number?
True
Is 13154735879 a prime number?
True
Is 4763846247 a prime number?
False
Is 50107641197 prime?
False
Is 8179268453 composite?
False
Is 2150638877 prime?
True
Is 603706643 a composite number?
False
Is 26699869429 prime?
False
Is 10864144267 a prime number?
True
Is 44914675123 a prime number?
False
Is 37460755817 a composite number?
False
Is 89591498123 composite?
True
Is 114599581037 a composite number?
False
Is 18796015223 a prime number?
False
Is 12473756741 a composite number?
True
Is 75791138959 a prime number?
False
Is 35163800129 composite?
False
Is 5374166999 composite?
True
Is 302442451 a composite number?
True
Is 91314813649 composite?
False
Is 12529094201 composite?
True
Is 71469896209 composite?
False
Is 6786850033 composite?
False
Is 13729049 a prime number?
True
Is 20854535501 composite?
False
Is 9882439835 composite?
True
Is 27908366061 composite?
True
Is 6386305957 a prime number?
True
Is 1089089917 prime?
True
Is 4358074159 a prime number?
False
Is 57163295191 composite?
False
Is 171168979 a prime number?
True
Is 568218803 prime?
False
Is 4315198331 composite?
False
Is 16460223131 a composite number?
True
Is 2844857209 prime?
True
Is 160461421 composite?
False
Is 16101083329 a prime number?
True
Is 8443169349 composite?
True
Is 388813157 a prime number?
True
Is 9266645177 a prime number?
True
Is 5958853477 a composite number?
False
Is 12965598995 prime?
False
Is 987496439 composite?
True
Is 29933172853 a composite number?
True
Is 222754703 composite?
False
Is 5143177381 prime?
False
Is 1509216661 prime?
True
Is 22607246219 a composite number?
False
Is 25182373115 a prime number?
False
Is 9579164482 a composite number?
True
Is 107179435949 a composite number?
True
Is 93948229 a composite number?
False
Is 2749226807 composite?
False
Is 80670595037 composite?
False
Is 7285072429 a prime number?
True
Is 32915232517 a prime number?
True
Is 678484249 prime?
False
Is 816811183 prime?
False
Is 1379245097 c